{"id":222,"date":"2020-07-18T02:56:48","date_gmt":"2020-07-18T02:56:48","guid":{"rendered":"https:\/\/cmml.edu.mx\/?page_id=222"},"modified":"2024-10-16T20:01:08","modified_gmt":"2024-10-16T20:01:08","slug":"secundaria","status":"publish","type":"page","link":"https:\/\/www.cmml.edu.mx\/?page_id=222","title":{"rendered":"Nivel Secundaria"},"content":{"rendered":"\n<p class=\"has-text-align-center\">En el nivel de Secundaria existe una relaci\u00f3n interdisciplinaria entre las asignaturas en cada grado basado en los aprendizajes esperados, los cuales permiten a los alumnos desarrollarse de manera integral todo esto respaldado por la formaci\u00f3n acad\u00e9mica y la vocaci\u00f3n de los maestros especializados en su \u00e1rea, logrando as\u00ed atender las necesidades de nuestros alumnos de educaci\u00f3n b\u00e1sica.<\/p>\n\n\n\n<figure class=\"wp-block-image size-large\"><img loading=\"lazy\" decoding=\"async\" width=\"1024\" height=\"768\" src=\"https:\/\/cmml.edu.mx\/wp-content\/uploads\/2020\/07\/IMG_0618-1024x768.jpg\" alt=\"\" class=\"wp-image-333\" srcset=\"https:\/\/www.cmml.edu.mx\/wp-content\/uploads\/2020\/07\/IMG_0618-1024x768.jpg 1024w, https:\/\/www.cmml.edu.mx\/wp-content\/uploads\/2020\/07\/IMG_0618-300x225.jpg 300w, https:\/\/www.cmml.edu.mx\/wp-content\/uploads\/2020\/07\/IMG_0618-768x576.jpg 768w, https:\/\/www.cmml.edu.mx\/wp-content\/uploads\/2020\/07\/IMG_0618-1536x1152.jpg 1536w\" sizes=\"auto, (max-width: 1024px) 100vw, 1024px\" \/><figcaption><strong>Edificio 2 Primaria Mayor-Secundaria<\/strong><\/figcaption><\/figure>\n\n\n\n<h2 class=\"has-text-align-center wp-block-heading\">PLAN DE ESTUDIO<\/h2>\n\n\n\n<p>\u2022 <strong>Educaci\u00f3n curricular a partir del Nuevo Modelo Educativo.<\/strong> <\/p>\n\n\n\n<p>\u2022 <strong>Profesores capacitados en \u00e1reas especializadas con vocaci\u00f3n de ense\u00f1anza<\/strong><\/p>\n\n\n\n<p>\u2022 <strong>Ex\u00e1menes parciales y trimestrales.<\/strong><\/p>\n\n\n\n<p>\u2022 <strong>Muestreos de Espa\u00f1ol y Matem\u00e1ticas.<\/strong><\/p>\n\n\n\n<p>\u2022 <strong>Elaboraci\u00f3n de Proyectos.<\/strong><\/p>\n\n\n\n<p>\u2022 <strong>Muestreos de Ortograf\u00eda, Olimpiada de Matem\u00e1ticas y Feria de Ciencias.<\/strong><\/p>\n\n\n\n<p>\u2022 <strong>Participaci\u00f3n en concursos de Secretar\u00eda de Educaci\u00f3n.<\/strong><\/p>\n\n\n\n<h2 class=\"has-text-align-center wp-block-heading\"><strong>MODALIDADES DE TRABAJO<\/strong><\/h2>\n\n\n\n<p>\u2022 <strong>Equipo audiovisual en biblioteca y en sala de usos m\u00faltiples.<\/strong> <\/p>\n\n\n\n<p>\u2022 <strong>Laboratorios de C\u00f3mputo y de Ciencias.<\/strong> \u2022<strong>Patios para Educaci\u00f3n F\u00edsica y descansos.<\/strong> \u2022<strong>Salones climatizados<\/strong>.<\/p>\n\n\n\n<p>\u2022 <strong>Grupos reducidos para asegurar la atenci\u00f3n personalizada.<\/strong> <\/p>\n\n\n\n<p>\u2022 <strong>Clases de apoyo y seguimiento por Orientaci\u00f3n Acad\u00e9mica.<\/strong> \u2022<strong>Enfermer\u00eda<\/strong>.<\/p>\n\n\n\n<p>\u2022 <strong>Frecuencias de Ingl\u00e9s toda la semana con certificaci\u00f3n TOEFL.<\/strong><\/p>\n\n\n\n<figure class=\"wp-block-gallery columns-3 is-cropped wp-block-gallery-1 is-layout-flex wp-block-gallery-is-layout-flex\"><ul class=\"blocks-gallery-grid\"><li class=\"blocks-gallery-item\"><figure><img loading=\"lazy\" decoding=\"async\" width=\"1024\" height=\"680\" src=\"https:\/\/cmml.edu.mx\/wp-content\/uploads\/2020\/07\/11238969_884906931575437_8689331776504056465_o-1024x680.jpg\" alt=\"\" data-id=\"427\" data-full-url=\"https:\/\/cmml.edu.mx\/wp-content\/uploads\/2020\/07\/11238969_884906931575437_8689331776504056465_o.jpg\" data-link=\"https:\/\/cmml.edu.mx\/secundaria\/11238969_884906931575437_8689331776504056465_o\/\" class=\"wp-image-427\" srcset=\"https:\/\/www.cmml.edu.mx\/wp-content\/uploads\/2020\/07\/11238969_884906931575437_8689331776504056465_o-1024x680.jpg 1024w, https:\/\/www.cmml.edu.mx\/wp-content\/uploads\/2020\/07\/11238969_884906931575437_8689331776504056465_o-300x199.jpg 300w, https:\/\/www.cmml.edu.mx\/wp-content\/uploads\/2020\/07\/11238969_884906931575437_8689331776504056465_o-768x510.jpg 768w, https:\/\/www.cmml.edu.mx\/wp-content\/uploads\/2020\/07\/11238969_884906931575437_8689331776504056465_o-1536x1020.jpg 1536w, https:\/\/www.cmml.edu.mx\/wp-content\/uploads\/2020\/07\/11238969_884906931575437_8689331776504056465_o.jpg 2048w\" sizes=\"auto, (max-width: 1024px) 100vw, 1024px\" \/><\/figure><\/li><li class=\"blocks-gallery-item\"><figure><img loading=\"lazy\" decoding=\"async\" width=\"640\" height=\"480\" src=\"https:\/\/cmml.edu.mx\/wp-content\/uploads\/2020\/07\/11350425_886492388083558_5794294408515583339_n.jpg\" alt=\"\" data-id=\"428\" data-full-url=\"https:\/\/cmml.edu.mx\/wp-content\/uploads\/2020\/07\/11350425_886492388083558_5794294408515583339_n.jpg\" data-link=\"https:\/\/cmml.edu.mx\/secundaria\/11350425_886492388083558_5794294408515583339_n\/\" class=\"wp-image-428\" srcset=\"https:\/\/www.cmml.edu.mx\/wp-content\/uploads\/2020\/07\/11350425_886492388083558_5794294408515583339_n.jpg 640w, https:\/\/www.cmml.edu.mx\/wp-content\/uploads\/2020\/07\/11350425_886492388083558_5794294408515583339_n-300x225.jpg 300w\" sizes=\"auto, (max-width: 640px) 100vw, 640px\" \/><\/figure><\/li><li class=\"blocks-gallery-item\"><figure><img loading=\"lazy\" decoding=\"async\" width=\"768\" height=\"1024\" src=\"https:\/\/cmml.edu.mx\/wp-content\/uploads\/2020\/07\/18699694_1402988696433922_5931797666785315967_o-768x1024.jpg\" alt=\"\" data-id=\"429\" data-full-url=\"https:\/\/cmml.edu.mx\/wp-content\/uploads\/2020\/07\/18699694_1402988696433922_5931797666785315967_o.jpg\" data-link=\"https:\/\/cmml.edu.mx\/secundaria\/18699694_1402988696433922_5931797666785315967_o\/\" class=\"wp-image-429\" srcset=\"https:\/\/www.cmml.edu.mx\/wp-content\/uploads\/2020\/07\/18699694_1402988696433922_5931797666785315967_o-768x1024.jpg 768w, https:\/\/www.cmml.edu.mx\/wp-content\/uploads\/2020\/07\/18699694_1402988696433922_5931797666785315967_o-225x300.jpg 225w, https:\/\/www.cmml.edu.mx\/wp-content\/uploads\/2020\/07\/18699694_1402988696433922_5931797666785315967_o-1152x1536.jpg 1152w, https:\/\/www.cmml.edu.mx\/wp-content\/uploads\/2020\/07\/18699694_1402988696433922_5931797666785315967_o.jpg 1200w\" sizes=\"auto, (max-width: 768px) 100vw, 768px\" \/><\/figure><\/li><li class=\"blocks-gallery-item\"><figure><img loading=\"lazy\" decoding=\"async\" width=\"640\" height=\"480\" src=\"https:\/\/cmml.edu.mx\/wp-content\/uploads\/2020\/07\/23231467_1552620404804083_4410728420026866345_n.jpg\" alt=\"\" data-id=\"430\" data-full-url=\"https:\/\/cmml.edu.mx\/wp-content\/uploads\/2020\/07\/23231467_1552620404804083_4410728420026866345_n.jpg\" data-link=\"https:\/\/cmml.edu.mx\/secundaria\/23231467_1552620404804083_4410728420026866345_n\/\" class=\"wp-image-430\" srcset=\"https:\/\/www.cmml.edu.mx\/wp-content\/uploads\/2020\/07\/23231467_1552620404804083_4410728420026866345_n.jpg 640w, https:\/\/www.cmml.edu.mx\/wp-content\/uploads\/2020\/07\/23231467_1552620404804083_4410728420026866345_n-300x225.jpg 300w\" sizes=\"auto, (max-width: 640px) 100vw, 640px\" \/><\/figure><\/li><li class=\"blocks-gallery-item\"><figure><img loading=\"lazy\" decoding=\"async\" width=\"1024\" height=\"768\" src=\"https:\/\/cmml.edu.mx\/wp-content\/uploads\/2020\/07\/27912780_1646163228783133_6377160446029457366_o-1024x768.jpg\" alt=\"\" data-id=\"431\" data-full-url=\"https:\/\/cmml.edu.mx\/wp-content\/uploads\/2020\/07\/27912780_1646163228783133_6377160446029457366_o.jpg\" data-link=\"https:\/\/cmml.edu.mx\/secundaria\/27912780_1646163228783133_6377160446029457366_o\/\" class=\"wp-image-431\" srcset=\"https:\/\/www.cmml.edu.mx\/wp-content\/uploads\/2020\/07\/27912780_1646163228783133_6377160446029457366_o-1024x768.jpg 1024w, https:\/\/www.cmml.edu.mx\/wp-content\/uploads\/2020\/07\/27912780_1646163228783133_6377160446029457366_o-300x225.jpg 300w, https:\/\/www.cmml.edu.mx\/wp-content\/uploads\/2020\/07\/27912780_1646163228783133_6377160446029457366_o-768x576.jpg 768w, https:\/\/www.cmml.edu.mx\/wp-content\/uploads\/2020\/07\/27912780_1646163228783133_6377160446029457366_o.jpg 1280w\" sizes=\"auto, (max-width: 1024px) 100vw, 1024px\" \/><\/figure><\/li><li class=\"blocks-gallery-item\"><figure><img loading=\"lazy\" decoding=\"async\" width=\"1024\" height=\"764\" src=\"https:\/\/cmml.edu.mx\/wp-content\/uploads\/2020\/07\/28337722_1658130787586377_4274436559267930799_o-1024x764.jpg\" alt=\"\" data-id=\"432\" data-full-url=\"https:\/\/cmml.edu.mx\/wp-content\/uploads\/2020\/07\/28337722_1658130787586377_4274436559267930799_o.jpg\" data-link=\"https:\/\/cmml.edu.mx\/secundaria\/28337722_1658130787586377_4274436559267930799_o\/\" class=\"wp-image-432\" srcset=\"https:\/\/www.cmml.edu.mx\/wp-content\/uploads\/2020\/07\/28337722_1658130787586377_4274436559267930799_o-1024x764.jpg 1024w, https:\/\/www.cmml.edu.mx\/wp-content\/uploads\/2020\/07\/28337722_1658130787586377_4274436559267930799_o-300x224.jpg 300w, https:\/\/www.cmml.edu.mx\/wp-content\/uploads\/2020\/07\/28337722_1658130787586377_4274436559267930799_o-768x573.jpg 768w, https:\/\/www.cmml.edu.mx\/wp-content\/uploads\/2020\/07\/28337722_1658130787586377_4274436559267930799_o-1536x1146.jpg 1536w, https:\/\/www.cmml.edu.mx\/wp-content\/uploads\/2020\/07\/28337722_1658130787586377_4274436559267930799_o.jpg 2016w\" sizes=\"auto, (max-width: 1024px) 100vw, 1024px\" \/><\/figure><\/li><li class=\"blocks-gallery-item\"><figure><img loading=\"lazy\" decoding=\"async\" width=\"1024\" height=\"764\" src=\"https:\/\/cmml.edu.mx\/wp-content\/uploads\/2020\/07\/28827985_1672272542838868_7182114832978723356_o-1024x764.jpg\" alt=\"\" data-id=\"433\" data-full-url=\"https:\/\/cmml.edu.mx\/wp-content\/uploads\/2020\/07\/28827985_1672272542838868_7182114832978723356_o.jpg\" data-link=\"https:\/\/cmml.edu.mx\/secundaria\/28827985_1672272542838868_7182114832978723356_o\/\" class=\"wp-image-433\" srcset=\"https:\/\/www.cmml.edu.mx\/wp-content\/uploads\/2020\/07\/28827985_1672272542838868_7182114832978723356_o-1024x764.jpg 1024w, https:\/\/www.cmml.edu.mx\/wp-content\/uploads\/2020\/07\/28827985_1672272542838868_7182114832978723356_o-300x224.jpg 300w, https:\/\/www.cmml.edu.mx\/wp-content\/uploads\/2020\/07\/28827985_1672272542838868_7182114832978723356_o-768x573.jpg 768w, https:\/\/www.cmml.edu.mx\/wp-content\/uploads\/2020\/07\/28827985_1672272542838868_7182114832978723356_o-1536x1146.jpg 1536w, https:\/\/www.cmml.edu.mx\/wp-content\/uploads\/2020\/07\/28827985_1672272542838868_7182114832978723356_o.jpg 2016w\" sizes=\"auto, (max-width: 1024px) 100vw, 1024px\" \/><\/figure><\/li><li class=\"blocks-gallery-item\"><figure><img loading=\"lazy\" decoding=\"async\" width=\"1024\" height=\"576\" src=\"https:\/\/cmml.edu.mx\/wp-content\/uploads\/2020\/07\/42392052_1914719598594160_5183101863490224128_o-1024x576.jpg\" alt=\"\" data-id=\"434\" data-full-url=\"https:\/\/cmml.edu.mx\/wp-content\/uploads\/2020\/07\/42392052_1914719598594160_5183101863490224128_o.jpg\" data-link=\"https:\/\/cmml.edu.mx\/secundaria\/42392052_1914719598594160_5183101863490224128_o\/\" class=\"wp-image-434\" srcset=\"https:\/\/www.cmml.edu.mx\/wp-content\/uploads\/2020\/07\/42392052_1914719598594160_5183101863490224128_o-1024x576.jpg 1024w, https:\/\/www.cmml.edu.mx\/wp-content\/uploads\/2020\/07\/42392052_1914719598594160_5183101863490224128_o-300x169.jpg 300w, https:\/\/www.cmml.edu.mx\/wp-content\/uploads\/2020\/07\/42392052_1914719598594160_5183101863490224128_o-768x432.jpg 768w, https:\/\/www.cmml.edu.mx\/wp-content\/uploads\/2020\/07\/42392052_1914719598594160_5183101863490224128_o.jpg 1280w\" sizes=\"auto, (max-width: 1024px) 100vw, 1024px\" \/><\/figure><\/li><li class=\"blocks-gallery-item\"><figure><img loading=\"lazy\" decoding=\"async\" width=\"1024\" height=\"768\" src=\"https:\/\/cmml.edu.mx\/wp-content\/uploads\/2020\/07\/84622313_2785451978187580_5689853419678859264_o-1024x768.jpg\" alt=\"\" data-id=\"435\" data-full-url=\"https:\/\/cmml.edu.mx\/wp-content\/uploads\/2020\/07\/84622313_2785451978187580_5689853419678859264_o.jpg\" data-link=\"https:\/\/cmml.edu.mx\/secundaria\/84622313_2785451978187580_5689853419678859264_o\/\" class=\"wp-image-435\" srcset=\"https:\/\/www.cmml.edu.mx\/wp-content\/uploads\/2020\/07\/84622313_2785451978187580_5689853419678859264_o-1024x768.jpg 1024w, https:\/\/www.cmml.edu.mx\/wp-content\/uploads\/2020\/07\/84622313_2785451978187580_5689853419678859264_o-300x225.jpg 300w, https:\/\/www.cmml.edu.mx\/wp-content\/uploads\/2020\/07\/84622313_2785451978187580_5689853419678859264_o-768x576.jpg 768w, https:\/\/www.cmml.edu.mx\/wp-content\/uploads\/2020\/07\/84622313_2785451978187580_5689853419678859264_o-1536x1152.jpg 1536w, https:\/\/www.cmml.edu.mx\/wp-content\/uploads\/2020\/07\/84622313_2785451978187580_5689853419678859264_o.jpg 2016w\" sizes=\"auto, (max-width: 1024px) 100vw, 1024px\" \/><\/figure><\/li><\/ul><\/figure>\n\r\n","protected":false},"excerpt":{"rendered":"<p>En el nivel de Secundaria existe una relaci\u00f3n interdisciplinaria entre las asignaturas en cada grado basado en los aprendizajes esperados, los cuales permiten a los alumnos desarrollarse de manera integral todo esto respaldado por la formaci\u00f3n acad\u00e9mica y la vocaci\u00f3n de los maestros especializados en su \u00e1rea, logrando as\u00ed atender las necesidades de nuestros alumnos [&hellip;]<\/p>\n","protected":false},"author":2,"featured_media":0,"parent":0,"menu_order":0,"comment_status":"closed","ping_status":"open","template":"","meta":{"footnotes":""},"class_list":["post-222","page","type-page","status-publish","hentry"],"_links":{"self":[{"href":"https:\/\/www.cmml.edu.mx\/index.php?rest_route=\/wp\/v2\/pages\/222","targetHints":{"allow":["GET"]}}],"collection":[{"href":"https:\/\/www.cmml.edu.mx\/index.php?rest_route=\/wp\/v2\/pages"}],"about":[{"href":"https:\/\/www.cmml.edu.mx\/index.php?rest_route=\/wp\/v2\/types\/page"}],"author":[{"embeddable":true,"href":"https:\/\/www.cmml.edu.mx\/index.php?rest_route=\/wp\/v2\/users\/2"}],"replies":[{"embeddable":true,"href":"https:\/\/www.cmml.edu.mx\/index.php?rest_route=%2Fwp%2Fv2%2Fcomments&post=222"}],"version-history":[{"count":6,"href":"https:\/\/www.cmml.edu.mx\/index.php?rest_route=\/wp\/v2\/pages\/222\/revisions"}],"predecessor-version":[{"id":1175,"href":"https:\/\/www.cmml.edu.mx\/index.php?rest_route=\/wp\/v2\/pages\/222\/revisions\/1175"}],"wp:attachment":[{"href":"https:\/\/www.cmml.edu.mx\/index.php?rest_route=%2Fwp%2Fv2%2Fmedia&parent=222"}],"curies":[{"name":"wp","href":"https:\/\/api.w.org\/{rel}","templated":true}]}}